 -3*g - 3*x + 21 = 0. Let n = -2 - -5. Suppose -n*v = -96 - 201. Calculate the greatest common divisor of v and g.
11
Let j be -1 + 2 - 54/9 - -29. What is the highest common divisor of 54 and j?
6
Let i be (-4)/10 - 3/((-60)/788). What is the highest common factor of 13 and i?
13
Let b be 371 + ((-80)/(-140))/((-2)/7). Calculate the greatest common divisor of b and 41.
41
Let l = 341 + -143. Suppose q + 927 - 289 = 30*q. Calculate the highest common factor of l and q.
22
Let y be (-237)/12 + (-3)/12. Let w = 31 + y. Let m(q) = 9*q**2 + 2*q + 1. Let v be m(3). What is the highest common divisor of v and w?
11
Let o be (-12)/(1/(-5) + (-27)/15). What is the greatest common divisor of 26 and o?
2
Let k = -72 + 164. Let x = -62 + k. What is the highest common divisor of 75 and x?
15
Let l be (-2 + 0)*(-10 + -1 + 0). What is the highest common factor of l and 1287?
11
Suppose -720 = 435*u - 455*u. Calculate the greatest common factor of 16 and u.
4
Suppose -4*w + 120 + 298 = -n, w = -4*n + 96. Calculate the highest common factor of w and 16.
8
Let d(a) = a + 105. Let q be d(-14). What is the greatest common divisor of 7 and q?
7
Let o = -79 - -48. Let r = o + 49. Suppose 3*f = -0 + r. Calculate the greatest common factor of f and 18.
6
Suppose 0 = 2*s + 2*y, 2*s = -s - 2*y + 5. What is the highest common factor of 80 and s?
5
Let b = 19 + -17. Suppose -b*l + 5*l - 33 = 0. Suppose 6*a = 5*a + 44. What is the highest common factor of a and l?
11
Let a = -9 - -2. Let m = 9 - a. What is the greatest common factor of 128 and m?
16
Suppose 5*x + 7*u - 58 = 11*u, -5*u = x. Calculate the highest common factor of 6 and x.
2
Let m(r) = -6*r + 404. Let b be m(-14). What is the greatest common factor of b and 8?
8
Let f(j) = -j**3 - 6*j**2 + 8*j + 1. Let b be f(-7). Let m = 50 + b. Calculate the highest common divisor of m and 11.
11
Let h = -400 - -279. Let k = h + 141. Calculate the highest common divisor of 5 and k.
5
Let j = -45 - -52. Suppose s = 117 - j. What is the highest common factor of s and 22?
22
Suppose 8 - 60 = 4*j. Let u be -4 + 2 + -2 - j. What is the greatest common divisor of u and 3?
3
Suppose 53*x + 198 = 55*x. Let i(q) = q + 11. Let y be i(0). Calculate the greatest common factor of y and x.
11
Let d be 3/(6/8) - 2. Suppose -d*v + 147 + 100 = 5*n, 5*v = -4*n + 660. Let p = 72 + v. Calculate the greatest common factor of 26 and p.
26
Suppose 28*z + 52 = 29*z. Suppose 2*m + 26 = 4*m. What is the greatest common factor of m and z?
13
Let n = -1909 - -1937. Suppose 222 + 58 = 4*l. Calculate the highest common factor of n and l.
14
Suppose -3*q + 18 = -3*g - 3, -2*q = -g - 10. Let s be g/(-3 + (-98)/(-34)). Suppose 7*v - s = 5*v. Calculate the greatest common factor of 17 and v.
17
Suppose -2*s - 4*r = -r + 3, -s - 4*r + 1 = 0. Let n be 12/(0 + 2 + s). Let t be ((-39)/1)/(9/n). What is the greatest common divisor of t and 13?
13
Let q(f) = -15 + 3*f + 14 + 2*f**2 + 2*f**2. Let a be q(-3). Calculate the highest common factor of 2 and a.
2
Let v be 970/25 - (-2)/10. Let p be 4/(-12)*v*-1. Let g(w) = -w**3 - 17*w**2 - w - 4. Let j be g(-17). Calculate the greatest common factor of p and j.
13
Let f(g) = -g**2 + g + 6. Let r be f(0). Suppose -40 = p - r*p. Let z = p + -2. Calculate the highest common factor of 66 and z.
6
Suppose 0 = -g - 22*n + 17*n + 27, -3*g + 24 = -4*n. Calculate the highest common divisor of g and 126.
6
Suppose -s = -4*w + 1009, -6*w + 2*w = -2*s - 1006. Let b be w/3 + (-3)/9. Calculate the highest common divisor of b and 28.
28
Suppose -24*j = -23*j - 18. Suppose 26*g - j = 8*g. Let o(b) = -b**3 - 5*b**2 - 4*b + 5. Let z be o(-4). What is the highest common factor of z and g?
1
Let u be ((-96)/60)/(4/(-10)). Let h = u - 17. Let b = 99 - h. Calculate the greatest common divisor of b and 16.
16
Suppose -6*n + 2*z = -2*n - 48, -4*n - 4*z + 36 = 0. Let u = n + 4. Let c be (8 - -1)*(-2)/(-3). Calculate the highest common factor of u and c.
3
Let b be 2 + (-1 - (-26)/2). Calculate the highest common divisor of b and 343.
7
Let s(q) = q**3 - 7*q**2 - 2*q - 2. Let j be s(6). Let c = -17 - j. Calculate the greatest common divisor of c and 11.
11
Suppose -765 = -5*g + q + 359, g + 3*q = 228. What is the greatest common factor of 825 and g?
75
Let b(f) = 2*f + 89 - f - 2*f - 88. Let z be b(-2). What is the highest common factor of z and 1?
1
Let f(g) = -g**3 + 6*g**2 + g + 8. Let n be f(6). Suppose n = 5*z - 11. Suppose -z*t = -14 - 31. Calculate the greatest common factor of 90 and t.
9
Let x be (-3 - (-1 + 2) - -252) + 4. Calculate the highest common divisor of x and 18.
18
Let y be 0 - (-9 + -2)*2. Let v(o) = 2*o**2 - 7*o - 4. Let i be v(-7). Let t = -99 + i. Calculate the greatest common divisor of y and t.
22
Suppose 0 = -2*n - 5*i + 231, -4*n - 14*i + 489 = -13*i. Calculate the greatest common divisor of n and 82.
41
Suppose 4*m - 226 = -3*c, 1 = -3*c - 5. Suppose 3*v = 5*v + y - 32, m = 3*v - y. Calculate the greatest common factor of v and 162.
18
Let m be -1*(1/(-1) + -11). Let r be -1 - 5 - (-1)/(6/18). Let k be (r/2 + 1)*2 + 61. What is the greatest common divisor of k and m?
12
Suppose -12*t - 1 = -13*t. Let l be -4 - -5 - t*567. Let m be (-24)/40 + l/(-10). Calculate the greatest common divisor of 140 and m.
28
Suppose 276 = -0*a + 4*a. Suppose 1136*j - 1141*j = 4*h - 242, 3*j = 3*h + 129. What is the greatest common factor of a and j?
23
Suppose -6*n - 140 = -2*p - 2*n, 0 = -2*p + 2*n + 136. Calculate the greatest common divisor of 33 and p.
33
Suppose 1 = -3*v + 13. Suppose j = -5*d + 2, -j - 1 = 6*d - 2*d. Let a = j - -29. Calculate the highest common divisor of a and v.
4
Suppose 9*n - 476 = 163. Let o = 116 - n. Calculate the greatest common factor of 9 and o.
9
Let z(h) = 4*h + 3. Let c be z(1). Suppose -90 = 2*w - c*w + 4*l, 61 = 4*w - l. Calculate the highest common divisor of w and 126.
14
Suppose q + 229 = -v, -q + 0*v = -5*v + 247. Let t be q/(-4) + (-4)/2. What is the highest common divisor of t and 7?
7
Let i(m) = m**2 + 15*m + 31. Let q be i(-30). Calculate the greatest common factor of 26 and q.
13
Let j = -844 + 898. What is the greatest common factor of j and 243?
27
Let o = 2098 - 1888. Calculate the greatest common factor of o and 42.
42
Suppose 0 = -254*w + 219*w + 80640. What is the greatest common factor of w and 18?
18
Let h be 6/(-5)*160/(-24). Let k(f) = -7*f - 2. Let j be k(2). Let t be ((-396)/j)/(2/h). What is the highest common divisor of t and 11?
11
Let v(j) = j**3 + 15*j**2 + 15*j + 14. Let i be v(-14). Suppose 3*g + 2*h + h + 6 = i, 3*g - h - 6 = 0. Calculate the highest common factor of 2 and g.
1
Suppose w - 3*r + 9 = 24, 0 = -3*w + 3*r + 39. Suppose 3*k = 6*k - 9. Suppose -7*c = -k*c - 48. What is the highest common divisor of w and c?
12
Let j = 6726 + -6641. Let i = 19 - -15. Calculate the highest common factor of j and i.
17
Let q be -1*((-52)/(-4))/(-1). Let x = -1 + q. Calculate the greatest common divisor of 48 and x.
12
Suppose 2*a = -5*z + 3588, -3*z = -4*a + 5464 + 1712. Calculate the greatest common factor of 23 and a.
23
Let r = 37 + -34. Suppose r*k = -0*k + 45. Suppose -2 = 5*u - 17, i = 5*u + 90. What is the highest common divisor of i and k?
15
Suppose 4*d = 4*c - 8, 2*c - 6*c = 4*d + 24. Let s be -4 - d - 1*22. Let g be (-4)/s - (-489)/33. Calculate the highest common factor of g and 15.
15
Let h(g) = g**3 + 10*g**2 + 7*g - 10. Let a be h(-9). Let x be (-4056)/(-204) - 4/(-34). What is the greatest common divisor of a and x?
4
Suppose 3456 = -10*k + 8896. Calculate the highest common divisor of 64 and k.
32
Suppose -5*i + 213 = -147. Let k be -3 + 47/((-564)/(-144)). What is the highest common factor of i and k?
9
Let r = 20 - 16. Suppose 4 = w, r*w - 8 - 4 = h. Suppose -3*m = -g - h*g + 2, -4*g + 2*m + 2 = 0. What is the greatest common factor of 8 and g?
1
Let q be (-95)/(-4) + 174/24 + -7. Calculate the greatest common divisor of q and 12.
12
Let k = 117 - 83. Let r = -2566 - -2872. Calculate the greatest common divisor of r and k.
34
Let t = -69 - -39. Let l be -81*(-5)/(t/(-8)). Let a(p) = 11*p - 182. Let r be a(19). Calculate the highest common factor of l and r.
27
Let i be 1/5 - (-1393)/35. Let l be 4/(-1 - -3) + 1. Let w = 13 - l. Calculate the greatest co